{"id":24469,"date":"2023-12-13T16:11:12","date_gmt":"2023-12-13T16:11:12","guid":{"rendered":"https:\/\/visitaltotamegaebarroso.pt\/events\/nadir-afonso-ein-jahrzehnt-der-abwesenheit\/"},"modified":"2023-12-13T16:11:12","modified_gmt":"2023-12-13T16:11:12","slug":"nadir-afonso-ein-jahrzehnt-der-abwesenheit","status":"publish","type":"mec-events","link":"https:\/\/visitaltotamegaebarroso.pt\/de\/events\/nadir-afonso-ein-jahrzehnt-der-abwesenheit\/","title":{"rendered":"&#8222;Nadir Afonso &#8211; ein Jahrzehnt der Abwesenheit&#8220;"},"content":{"rendered":"<p>&#8222;Nadir Afonso &#8211; ein Jahrzehnt der Abwesenheit&#8220; gibt den Ton f\u00fcr ein Kolloquium anl\u00e4sslich seines 10.<\/p>\n<p>Am Samstag, den 16. Dezember, begehen das Nadir Afonso Museum f\u00fcr zeitgen\u00f6ssische Kunst (MACNA) und die Nadir Afonso Stiftung den 10. Todestag des Meisters aus Flavi mit einem Kolloquium \u00fcber sein k\u00fcnstlerisches Verm\u00e4chtnis, das trotz seiner physischen Abwesenheit noch sehr pr\u00e4sent ist.<\/p>\n<p>Nadir Afonso hat die portugiesische Kunst des 20. Jahrhunderts gepr\u00e4gt und war einer der Begr\u00fcnder der geometrischen Abstraktion in Portugal. Der Autor eines einzigartigen Werks, in dem sich Malerei und Architektur \u00fcberschneiden und gegenseitig beeinflussen, starb am 11. Dezember 2013 im Alter von 93 Jahren.<\/p>\n<p>&#8222;Nadir Afonso &#8211; ein Jahrzehnt der Abwesenheit&#8220; ist das Thema dieses Treffens, das darauf abzielt, das Werk des K\u00fcnstlers aus Flavi zu verewigen, dessen Gemeinde ihn ehrte, indem sie ein Museum f\u00fcr zeitgen\u00f6ssische Kunst nach ihm benannte, ein Werk, das von dem Architekten Siza Vieira entworfen wurde und ein Meilenstein der Kultur im Norden des Landes ist.<\/p>\n<p>An der Veranstaltung nehmen renommierte Redner teil: Ant\u00f3nio Quadros Ferreira, Professor an der Fakult\u00e4t f\u00fcr Bildende K\u00fcnste der Universit\u00e4t Porto, An\u00edbal Ferreira, Professor an der Fakult\u00e4t f\u00fcr Ingenieurwissenschaften der Universit\u00e4t Porto, Professorin F\u00e1tima Lambert von der P\u00e4dagogischen Hochschule\/Polytechnikum Porto und die Pr\u00e4sidentin der Nadir Afonso-Stiftung, Laura Afonso.<\/p>\n<p>Der Vortrag beginnt um 16 Uhr im Auditorium des MACNA und wird von Mariana Ribeiro, einer Journalistin der Nachrichtenagentur Lusa, moderiert. Die Veranstaltung ist f\u00fcr die \u00d6ffentlichkeit zug\u00e4nglich, der Eintritt ist frei und auf die Kapazit\u00e4t des Auditoriums begrenzt.<\/p>\n<p>Das MACNA ist heute ein f\u00fchrendes Kunstmuseum im Landesinneren, das mit der Generaldirektion f\u00fcr kulturelles Erbe und dem Nationalen Museum f\u00fcr zeitgen\u00f6ssische Kunst zusammenarbeitet. Neben der Bekanntmachung des K\u00fcnstlers, dem es seinen Namen verdankt, konnten in Chaves zahlreiche Referenzwerke von nationalen und internationalen K\u00fcnstlern ausgestellt werden.<\/p>\n","protected":false},"excerpt":{"rendered":"<p>&#8222;Nadir Afonso &#8211; ein Jahrzehnt der Abwesenheit&#8220; gibt den Ton f\u00fcr ein Kolloquium anl\u00e4sslich seines 10. Am Samstag, den 16. Dezember, begehen das Nadir Afonso Museum f\u00fcr zeitgen\u00f6ssische Kunst (MACNA) und die Nadir Afonso Stiftung den 10. Todestag des Meisters [&hellip;]<\/p>\n","protected":false},"author":5,"featured_media":24465,"comment_status":"closed","ping_status":"closed","template":"","tags":[],"mec_category":[717],"_links":{"self":[{"href":"https:\/\/visitaltotamegaebarroso.pt\/de\/wp-json\/wp\/v2\/mec-events\/24469"}],"collection":[{"href":"https:\/\/visitaltotamegaebarroso.pt\/de\/wp-json\/wp\/v2\/mec-events"}],"about":[{"href":"https:\/\/visitaltotamegaebarroso.pt\/de\/wp-json\/wp\/v2\/types\/mec-events"}],"author":[{"embeddable":true,"href":"https:\/\/visitaltotamegaebarroso.pt\/de\/wp-json\/wp\/v2\/users\/5"}],"replies":[{"embeddable":true,"href":"https:\/\/visitaltotamegaebarroso.pt\/de\/wp-json\/wp\/v2\/comments?post=24469"}],"wp:featuredmedia":[{"embeddable":true,"href":"https:\/\/visitaltotamegaebarroso.pt\/de\/wp-json\/wp\/v2\/media\/24465"}],"wp:attachment":[{"href":"https:\/\/visitaltotamegaebarroso.pt\/de\/wp-json\/wp\/v2\/media?parent=24469"}],"wp:term":[{"taxonomy":"post_tag","embeddable":true,"href":"https:\/\/visitaltotamegaebarroso.pt\/de\/wp-json\/wp\/v2\/tags?post=24469"},{"taxonomy":"mec_category","embeddable":true,"href":"https:\/\/visitaltotamegaebarroso.pt\/de\/wp-json\/wp\/v2\/mec_category?post=24469"}],"curies":[{"name":"wp","href":"https:\/\/api.w.org\/{rel}","templated":true}]}}

<p>&#8222;Nadir Afonso &#8211; ein Jahrzehnt der Abwesenheit&#8220; gibt den Ton für ein Kolloquium anlässlich seines 10.</p>
<p>Am Samstag, den 16. Dezember, begehen das Nadir Afonso Museum für zeitgenössische Kunst (MACNA) und die Nadir Afonso Stiftung den 10. Todestag des Meisters aus Flavi mit einem Kolloquium über sein künstlerisches Vermächtnis, das trotz seiner physischen Abwesenheit noch sehr präsent ist.</p>
<p>Nadir Afonso hat die portugiesische Kunst des 20. Jahrhunderts geprägt und war einer der Begründer der geometrischen Abstraktion in Portugal. Der Autor eines einzigartigen Werks, in dem sich Malerei und Architektur überschneiden und gegenseitig beeinflussen, starb am 11. Dezember 2013 im Alter von 93 Jahren.</p>
<p>&#8222;Nadir Afonso &#8211; ein Jahrzehnt der Abwesenheit&#8220; ist das Thema dieses Treffens, das darauf abzielt, das Werk des Künstlers aus Flavi zu verewigen, dessen Gemeinde ihn ehrte, indem sie ein Museum für zeitgenössische Kunst nach ihm benannte, ein Werk, das von dem Architekten Siza Vieira entworfen wurde und ein Meilenstein der Kultur im Norden des Landes ist.</p>
<p>An der Veranstaltung nehmen renommierte Redner teil: António Quadros Ferreira, Professor an der Fakultät für Bildende Künste der Universität Porto, Aníbal Ferreira, Professor an der Fakultät für Ingenieurwissenschaften der Universität Porto, Professorin Fátima Lambert von der Pädagogischen Hochschule/Polytechnikum Porto und die Präsidentin der Nadir Afonso-Stiftung, Laura Afonso.</p>
<p>Der Vortrag beginnt um 16 Uhr im Auditorium des MACNA und wird von Mariana Ribeiro, einer Journalistin der Nachrichtenagentur Lusa, moderiert. Die Veranstaltung ist für die Öffentlichkeit zugänglich, der Eintritt ist frei und auf die Kapazität des Auditoriums begrenzt.</p>
<p>Das MACNA ist heute ein führendes Kunstmuseum im Landesinneren, das mit der Generaldirektion für kulturelles Erbe und dem Nationalen Museum für zeitgenössische Kunst zusammenarbeitet. Neben der Bekanntmachung des Künstlers, dem es seinen Namen verdankt, konnten in Chaves zahlreiche Referenzwerke von nationalen und internationalen Künstlern ausgestellt werden.</p>

<p>&#8222;Nadir Afonso &#8211; ein Jahrzehnt der Abwesenheit&#8220; gibt den Ton für ein Kolloquium anlässlich seines 10. Am Samstag, den 16. Dezember, begehen das Nadir Afonso Museum für zeitgenössische Kunst (MACNA) und die Nadir Afonso Stiftung den 10. Todestag des Meisters [&hellip;]</p>
