{"id":23937,"date":"2023-11-08T13:04:05","date_gmt":"2023-11-08T13:04:05","guid":{"rendered":"https:\/\/visitaltotamegaebarroso.pt\/events\/13-st-martinstag-sozial\/"},"modified":"2023-11-08T13:04:05","modified_gmt":"2023-11-08T13:04:05","slug":"13-st-martinstag-sozial","status":"publish","type":"mec-events","link":"https:\/\/visitaltotamegaebarroso.pt\/de\/events\/13-st-martinstag-sozial\/","title":{"rendered":"13. St. Martinstag sozial"},"content":{"rendered":"<p>Die Tradition wird in Vidago mit dem 13. St. Martinsfest fortgesetzt.<\/p>\n<p>Ein generations\u00fcbergreifendes Treffen, bei dem CASTANHA und JEROPIGA zwischen Sardinen, F\u00eaveras und Caldo Verde die K\u00d6NIGE sind.<\/p>\n<p>Organisiert von: Casa de Cultura de Vidago<\/p>\n<p>Unterst\u00fctzung: Stadtverwaltung von Chaves, Pfarrgemeinderat von Vidago, Gruppe Super Bock, Hotel Vidago Palace<\/p>\n","protected":false},"excerpt":{"rendered":"<p>Die Tradition wird in Vidago mit dem 13. St. Martinsfest fortgesetzt. Ein generations\u00fcbergreifendes Treffen, bei dem CASTANHA und JEROPIGA zwischen Sardinen, F\u00eaveras und Caldo Verde die K\u00d6NIGE sind. Organisiert von: Casa de Cultura de Vidago Unterst\u00fctzung: Stadtverwaltung von Chaves, Pfarrgemeinderat [&hellip;]<\/p>\n","protected":false},"author":5,"featured_media":23933,"comment_status":"closed","ping_status":"closed","template":"","tags":[],"mec_category":[717],"_links":{"self":[{"href":"https:\/\/visitaltotamegaebarroso.pt\/de\/wp-json\/wp\/v2\/mec-events\/23937"}],"collection":[{"href":"https:\/\/visitaltotamegaebarroso.pt\/de\/wp-json\/wp\/v2\/mec-events"}],"about":[{"href":"https:\/\/visitaltotamegaebarroso.pt\/de\/wp-json\/wp\/v2\/types\/mec-events"}],"author":[{"embeddable":true,"href":"https:\/\/visitaltotamegaebarroso.pt\/de\/wp-json\/wp\/v2\/users\/5"}],"replies":[{"embeddable":true,"href":"https:\/\/visitaltotamegaebarroso.pt\/de\/wp-json\/wp\/v2\/comments?post=23937"}],"wp:featuredmedia":[{"embeddable":true,"href":"https:\/\/visitaltotamegaebarroso.pt\/de\/wp-json\/wp\/v2\/media\/23933"}],"wp:attachment":[{"href":"https:\/\/visitaltotamegaebarroso.pt\/de\/wp-json\/wp\/v2\/media?parent=23937"}],"wp:term":[{"taxonomy":"post_tag","embeddable":true,"href":"https:\/\/visitaltotamegaebarroso.pt\/de\/wp-json\/wp\/v2\/tags?post=23937"},{"taxonomy":"mec_category","embeddable":true,"href":"https:\/\/visitaltotamegaebarroso.pt\/de\/wp-json\/wp\/v2\/mec_category?post=23937"}],"curies":[{"name":"wp","href":"https:\/\/api.w.org\/{rel}","templated":true}]}}

<p>Die Tradition wird in Vidago mit dem 13. St. Martinsfest fortgesetzt.</p>
<p>Ein generationsübergreifendes Treffen, bei dem CASTANHA und JEROPIGA zwischen Sardinen, Fêveras und Caldo Verde die KÖNIGE sind.</p>
<p>Organisiert von: Casa de Cultura de Vidago</p>
<p>Unterstützung: Stadtverwaltung von Chaves, Pfarrgemeinderat von Vidago, Gruppe Super Bock, Hotel Vidago Palace</p>

<p>Die Tradition wird in Vidago mit dem 13. St. Martinsfest fortgesetzt. Ein generationsübergreifendes Treffen, bei dem CASTANHA und JEROPIGA zwischen Sardinen, Fêveras und Caldo Verde die KÖNIGE sind. Organisiert von: Casa de Cultura de Vidago Unterstützung: Stadtverwaltung von Chaves, Pfarrgemeinderat [&hellip;]</p>
