{"id":23906,"date":"2023-11-08T12:08:52","date_gmt":"2023-11-08T12:08:52","guid":{"rendered":"https:\/\/visitaltotamegaebarroso.pt\/events\/praesentation-des-buches-unterwegs-mit-luis-de-camoes\/"},"modified":"2023-11-08T12:08:52","modified_gmt":"2023-11-08T12:08:52","slug":"praesentation-des-buches-unterwegs-mit-luis-de-camoes","status":"publish","type":"mec-events","link":"https:\/\/visitaltotamegaebarroso.pt\/de\/events\/praesentation-des-buches-unterwegs-mit-luis-de-camoes\/","title":{"rendered":"Pr\u00e4sentation des Buches &#8222;Unterwegs mit&#8230; Lu\u00eds de Cam\u00f5es&#8220;"},"content":{"rendered":"<p>J\u00fcngste Studien und Thesen weisen darauf hin, dass der gr\u00f6\u00dfte portugiesische Dichter, Lu\u00eds de Cam\u00f5es, in dem Dorf Vilar de Nantes in der Gemeinde Chaves geboren wurde, wo sein Vater, Sim\u00e3o Vaz de Cam\u00f5es, geboren wurde und seine Gro\u00dfeltern v\u00e4terlicherseits lebten, wie in den Archiven der Erzdi\u00f6zese Braga dokumentiert.<\/p>\n<p>Die Gro\u00dfeltern des Dichters, Ant\u00e3o Vaz und Guiomar Vaz, wurden in Coimbra geboren und zogen in jungen Jahren in diese Gemeinde, wo sie (mit ihren acht m\u00e4nnlichen Kindern) in einem Haus aus Granit lebten, das noch heute als &#8222;Haus der Gro\u00dfeltern von Cam\u00f5es&#8220; bekannt ist, wie genealogische, epigraphische und heraldische Untersuchungen ergeben haben.<\/p>\n<p>Einige Monate vor den Feierlichkeiten zum 500. Geburtstag des Autors von &#8222;Os Lus\u00edadas&#8220; wurde das Buch &#8222;Unterwegs mit&#8230; Lu\u00eds de Cam\u00f5es&#8220; als Teil der Sammlung &#8222;Unterwegs mit&#8230; Die Wege der Literatur&#8220; ver\u00f6ffentlicht, die von der Regionaldirektion Nord f\u00fcr Kultur herausgegeben wird und darauf abzielt, die Schriftsteller bekannt zu machen, die im Norden Portugals geboren wurden, die hier gelebt und gearbeitet haben, die hier vorbeigekommen sind oder die sich in ihren Werken mit diesem Gebiet besch\u00e4ftigt haben.<\/p>\n<p>Das Buch \u00fcber den ber\u00fchmten Dichter wird am kommenden Freitag, den 10. November, um 17 Uhr im Museu da Regi\u00e3o Flaviense in Chaves vorgestellt.<\/p>\n<p>Der von Professor Dr. Seabra Pereira verfasste und von OPERA OMNIA herausgegebene Band nimmt uns mit auf eine Reise mit Lu\u00eds de Cam\u00f5es durch verschiedene Geografien und schl\u00e4gt eine Br\u00fccke zu seinen m\u00f6glichen Urspr\u00fcngen in Flavi.<\/p>\n<p>Bei der Pr\u00e4sentation des Werks werden der Chor des Berufskurses f\u00fcr Instrumentalisten der Kunstakademie Chaves und der Kinderchor der Schulgruppe Dr. J\u00falio Martins Musik zu Themen der kamunischen Poesie vortragen.<\/p>\n","protected":false},"excerpt":{"rendered":"<p>J\u00fcngste Studien und Thesen weisen darauf hin, dass der gr\u00f6\u00dfte portugiesische Dichter, Lu\u00eds de Cam\u00f5es, in dem Dorf Vilar de Nantes in der Gemeinde Chaves geboren wurde, wo sein Vater, Sim\u00e3o Vaz de Cam\u00f5es, geboren wurde und seine Gro\u00dfeltern v\u00e4terlicherseits [&hellip;]<\/p>\n","protected":false},"author":5,"featured_media":23902,"comment_status":"closed","ping_status":"closed","template":"","tags":[],"mec_category":[717],"_links":{"self":[{"href":"https:\/\/visitaltotamegaebarroso.pt\/de\/wp-json\/wp\/v2\/mec-events\/23906"}],"collection":[{"href":"https:\/\/visitaltotamegaebarroso.pt\/de\/wp-json\/wp\/v2\/mec-events"}],"about":[{"href":"https:\/\/visitaltotamegaebarroso.pt\/de\/wp-json\/wp\/v2\/types\/mec-events"}],"author":[{"embeddable":true,"href":"https:\/\/visitaltotamegaebarroso.pt\/de\/wp-json\/wp\/v2\/users\/5"}],"replies":[{"embeddable":true,"href":"https:\/\/visitaltotamegaebarroso.pt\/de\/wp-json\/wp\/v2\/comments?post=23906"}],"wp:featuredmedia":[{"embeddable":true,"href":"https:\/\/visitaltotamegaebarroso.pt\/de\/wp-json\/wp\/v2\/media\/23902"}],"wp:attachment":[{"href":"https:\/\/visitaltotamegaebarroso.pt\/de\/wp-json\/wp\/v2\/media?parent=23906"}],"wp:term":[{"taxonomy":"post_tag","embeddable":true,"href":"https:\/\/visitaltotamegaebarroso.pt\/de\/wp-json\/wp\/v2\/tags?post=23906"},{"taxonomy":"mec_category","embeddable":true,"href":"https:\/\/visitaltotamegaebarroso.pt\/de\/wp-json\/wp\/v2\/mec_category?post=23906"}],"curies":[{"name":"wp","href":"https:\/\/api.w.org\/{rel}","templated":true}]}}

Präsentation des Buches &#8222;Unterwegs mit&#8230; Luís de Camões&#8220;

<p>Jüngste Studien und Thesen weisen darauf hin, dass der größte portugiesische Dichter, Luís de Camões, in dem Dorf Vilar de Nantes in der Gemeinde Chaves geboren wurde, wo sein Vater, Simão Vaz de Camões, geboren wurde und seine Großeltern väterlicherseits lebten, wie in den Archiven der Erzdiözese Braga dokumentiert.</p>
<p>Die Großeltern des Dichters, Antão Vaz und Guiomar Vaz, wurden in Coimbra geboren und zogen in jungen Jahren in diese Gemeinde, wo sie (mit ihren acht männlichen Kindern) in einem Haus aus Granit lebten, das noch heute als &#8222;Haus der Großeltern von Camões&#8220; bekannt ist, wie genealogische, epigraphische und heraldische Untersuchungen ergeben haben.</p>
<p>Einige Monate vor den Feierlichkeiten zum 500. Geburtstag des Autors von &#8222;Os Lusíadas&#8220; wurde das Buch &#8222;Unterwegs mit&#8230; Luís de Camões&#8220; als Teil der Sammlung &#8222;Unterwegs mit&#8230; Die Wege der Literatur&#8220; veröffentlicht, die von der Regionaldirektion Nord für Kultur herausgegeben wird und darauf abzielt, die Schriftsteller bekannt zu machen, die im Norden Portugals geboren wurden, die hier gelebt und gearbeitet haben, die hier vorbeigekommen sind oder die sich in ihren Werken mit diesem Gebiet beschäftigt haben.</p>
<p>Das Buch über den berühmten Dichter wird am kommenden Freitag, den 10. November, um 17 Uhr im Museu da Região Flaviense in Chaves vorgestellt.</p>
<p>Der von Professor Dr. Seabra Pereira verfasste und von OPERA OMNIA herausgegebene Band nimmt uns mit auf eine Reise mit Luís de Camões durch verschiedene Geografien und schlägt eine Brücke zu seinen möglichen Ursprüngen in Flavi.</p>
<p>Bei der Präsentation des Werks werden der Chor des Berufskurses für Instrumentalisten der Kunstakademie Chaves und der Kinderchor der Schulgruppe Dr. Júlio Martins Musik zu Themen der kamunischen Poesie vortragen.</p>

<p>Jüngste Studien und Thesen weisen darauf hin, dass der größte portugiesische Dichter, Luís de Camões, in dem Dorf Vilar de Nantes in der Gemeinde Chaves geboren wurde, wo sein Vater, Simão Vaz de Camões, geboren wurde und seine Großeltern väterlicherseits [&hellip;]</p>
