{"id":22784,"date":"2023-09-25T17:57:23","date_gmt":"2023-09-25T16:57:23","guid":{"rendered":"https:\/\/visitaltotamegaebarroso.pt\/events\/wetterwaechter-baeume\/"},"modified":"2023-09-25T17:57:23","modified_gmt":"2023-09-25T16:57:23","slug":"wetterwaechter-baeume","status":"publish","type":"mec-events","link":"https:\/\/visitaltotamegaebarroso.pt\/de\/events\/wetterwaechter-baeume\/","title":{"rendered":"Wetterw\u00e4chter-B\u00e4ume"},"content":{"rendered":"<p>F\u00e1tima Carvalho begann in den 1990er Jahren zu fotografieren und stellt seit 2014 aus. Mit ihrem fotografischen Blick pr\u00e4sentiert sie uns ihre pers\u00f6nliche Reflexion \u00fcber den symbolischen Charakter, der von den Spuren des Zeitablaufs an Portugals ber\u00fchmtesten B\u00e4umen ausgeht<\/p>\n","protected":false},"excerpt":{"rendered":"<p>F\u00e1tima Carvalho begann in den 1990er Jahren zu fotografieren und stellt seit 2014 aus. Mit ihrem fotografischen Blick pr\u00e4sentiert sie uns ihre pers\u00f6nliche Reflexion \u00fcber den symbolischen Charakter, der von den Spuren des Zeitablaufs an Portugals ber\u00fchmtesten B\u00e4umen ausgeht<\/p>\n","protected":false},"author":5,"featured_media":22763,"comment_status":"closed","ping_status":"closed","template":"","tags":[],"mec_category":[717],"_links":{"self":[{"href":"https:\/\/visitaltotamegaebarroso.pt\/de\/wp-json\/wp\/v2\/mec-events\/22784"}],"collection":[{"href":"https:\/\/visitaltotamegaebarroso.pt\/de\/wp-json\/wp\/v2\/mec-events"}],"about":[{"href":"https:\/\/visitaltotamegaebarroso.pt\/de\/wp-json\/wp\/v2\/types\/mec-events"}],"author":[{"embeddable":true,"href":"https:\/\/visitaltotamegaebarroso.pt\/de\/wp-json\/wp\/v2\/users\/5"}],"replies":[{"embeddable":true,"href":"https:\/\/visitaltotamegaebarroso.pt\/de\/wp-json\/wp\/v2\/comments?post=22784"}],"wp:featuredmedia":[{"embeddable":true,"href":"https:\/\/visitaltotamegaebarroso.pt\/de\/wp-json\/wp\/v2\/media\/22763"}],"wp:attachment":[{"href":"https:\/\/visitaltotamegaebarroso.pt\/de\/wp-json\/wp\/v2\/media?parent=22784"}],"wp:term":[{"taxonomy":"post_tag","embeddable":true,"href":"https:\/\/visitaltotamegaebarroso.pt\/de\/wp-json\/wp\/v2\/tags?post=22784"},{"taxonomy":"mec_category","embeddable":true,"href":"https:\/\/visitaltotamegaebarroso.pt\/de\/wp-json\/wp\/v2\/mec_category?post=22784"}],"curies":[{"name":"wp","href":"https:\/\/api.w.org\/{rel}","templated":true}]}}

Wetterwächter-Bäume

<p>Fátima Carvalho begann in den 1990er Jahren zu fotografieren und stellt seit 2014 aus. Mit ihrem fotografischen Blick präsentiert sie uns ihre persönliche Reflexion über den symbolischen Charakter, der von den Spuren des Zeitablaufs an Portugals berühmtesten Bäumen ausgeht</p>
